rime factors of -4 + (4 - -1) + 2504/1.
3, 5, 167
Let r = -70 + 72. Suppose d - 5*h = -r*d + 7, 5 = 2*d - 3*h. Suppose 103 = d*z - m, -5*z + 5*m + 125 = 3*m. List the prime factors of z.
3
Let d(z) = 0*z - 6*z - 3 + 9*z**2 + z + 1 - 2*z**3 + 3*z**3. Let i = 3 - 11. What are the prime factors of d(i)?
2, 3, 17
Let w be (-4)/9 + (-868)/(-252). Suppose 5*x + 1863 = w*q, 3*q - 5*q + 3*x = -1243. List the prime factors of q.
2, 313
Let f(r) = -r**2 - 16*r + 6. Let w be f(-16). Let a be ((-20)/w)/(-2) - (-2)/6. Let t(q) = 24*q + 3. List the prime factors of t(a).
3, 17
Let r = -107 + 109. List the prime factors of r/(-3)*521*39/(-26).
521
Suppose 83*b - 88*b - 5 = 0. List the prime factors of (6 + 320/25)/(b/(-5)).
2, 47
Suppose 4*m = 2*d + 76, -10 = d + 4*d. Suppose -m*v + 17*v = -587. What are the prime factors of v?
587
Let x(p) = -2*p**2 - 6*p - 1. Suppose -2*h + 2 - 10 = 0. Let a be x(h). What are the prime factors of (-1)/((-384)/(-129) - a/(-3))?
43
Suppose -5*b = -3*v - 475978, -3*b + 285570 = 802*v - 801*v. What are the prime factors of b?
2, 73, 163
Let f(j) = j + 1. Let z(u) = 2*u - 18. Suppose 0 = -w + 7 - 1. Let x(g) = w*f(g) - z(g). List the prime factors of x(-5).
2
Suppose 2*f + 31 = 3*f. Suppose 4*w + 3 = f. Suppose w*d - 10*d = -555. List the prime factors of d.
5, 37
Let q(h) = -h**3 - 14*h**2 + 11. Let t be q(-14). Let y(x) = 14*x + 15*x**3 - t + 7*x**2 - 4*x**2 - 16*x**3. What are the prime factors of y(5)?
3
Let y be 2/11 - 3170/(-110). Let o = 37 - y. Suppose o*n + 0*n - 632 = 0. What are the prime factors of n?
79
Let w(i) = i**3 + 21*i**2 + 11*i - 13. Let q(r) = r**2 - r + 1. Let a(h) = 6*q(h) - w(h). Let f be a(-14). Let m = f + -50. What are the prime factors of m?
11
Suppose 0 = 2*p + 5*z - 9927, -4964 = -p + 8*z - 10*z. List the prime factors of p.
2, 13, 191
Let p(q) = -9*q**3 - 2*q**2 - 3*q + 23. What are the prime factors of p(-4)?
3, 193
Let r = 8634 + -5327. List the prime factors of r.
3307
Let f(i) = -59*i - 10. Suppose 8*h + 30 = 2*h. Let l be f(h). Suppose 0 = -8*s + 5*s + l. List the prime factors of s.
5, 19
Suppose 3*l + 593 = 4*h, -h + 4*l + 237 = 79. Suppose 26*g = h + 36. List the prime factors of g.
7
Suppose -2*z = -5*n + 68054, -2*n = -5*z + 16336 - 43566. List the prime factors of n.
2, 5, 1361
Let p(i) be the third derivative of 17*i**5/30 + i**4/6 + 5*i**3/6 + i**2. Let d be (6*10/(-30))/(-1 + 2). What are the prime factors of p(d)?
7, 19
Let o = -22780 - -22845. What are the prime factors of o?
5, 13
Let a be 238/(-22) - 10/55. List the prime factors of ((-4334)/12)/a + 4/24.
3, 11
Let n = 20 - 17. Suppose n*w - g - 690 = 0, 5*w + 5*g - 43 = 1127. Let i = w + -156. What are the prime factors of i?
3, 5
Let i be (-36)/(-6) - (-1444)/4. Suppose i - 146 = s. What are the prime factors of s?
13, 17
Let t(w) be the first derivative of -3*w**2 - 38*w + 58. What are the prime factors of t(-10)?
2, 11
Let x(r) = 30*r**2 - 13*r + 206. List the prime factors of x(45).
73, 827
Suppose -3*i + 8 + 19 = 0. Suppose -61*g + 81*g = 3480. Suppose 7*r - i*r + g = 0. What are the prime factors of r?
3, 29
Let y(q) = -1266*q - 621. What are the prime factors of y(-5)?
3, 11, 173
Let p(z) = 21*z**2 - 24*z + 646. List the prime factors of p(44).
2, 20123
Let p(s) = 4*s**2 - 26*s + 8. Let c be p(6). Let d be (c/((-16)/(-10)))/(3/6). Let u(l) = l**3 + 10*l**2 + 11*l + 10. What are the prime factors of u(d)?
2, 5
Let f be 98/10 + (-42)/(-10) + -4. Suppose 983 = f*y - 1577. List the prime factors of y.
2
Let w(l) = -l**3 + 11*l**2 - 12*l + 24. Let o be w(10). Suppose 7*c = 6*c + o. Suppose 0*f = -c*f + 260. List the prime factors of f.
5, 13
Let f be 384/320 + (-279)/(-5). Let g = 5 - -3. Suppose g = 5*o - f. What are the prime factors of o?
13
Let c = -230 + 587. Let n = -290 + c. What are the prime factors of n?
67
Suppose 0 = 3*n - b, 3*b = n + 3 - 11. What are the prime factors of (4 + n)/((-84)/(-29540))?
5, 211
Let u(y) = 2*y**3 - 32*y**2 + 179*y - 1. What are the prime factors of u(18)?
4517
Let o(p) = -14*p**3 - 3*p**2 + 2*p. Let g be -10 + 7 - -1*4. Let v be o(g). Let d = 35 - v. What are the prime factors of d?
2, 5
Suppose -35*j + 66073 + 23877 = 0. What are the prime factors of j?
2, 5, 257
Suppose 30789 - 145789 = -23*x. List the prime factors of x.
2, 5
Let m = -262 + 266. Suppose 24*j - 25*j + 4*a + 992 = 0, 5*j + m*a - 4840 = 0. What are the prime factors of j?
2, 3
Let y(l) = 2*l**3 + 14*l**2 + 35*l + 10. Let i be y(-7). What are the prime factors of i*(-2)/((-4)/(-10))?
5, 47
Let m(t) = -20*t + 13. Let y(l) = 41*l - 24. Let b(r) = 13*m(r) + 6*y(r). List the prime factors of b(-11).
179
Let l = 6084 - 2682. What are the prime factors of l?
2, 3, 7
Let r = -9 + 8. Let l(u) = u**2 + 42*u + 92. Let y be l(-38). What are the prime factors of (1 + y/28)/(r/7)?
2
Let s(q) be the second derivative of 29*q**3/2 + 101*q**2/2 - 3*q - 1. List the prime factors of s(6).
7, 89
Suppose -28128 - 1928 = -13*y. Let d = -1130 + y. What are the prime factors of d?
2, 3, 197
Let b(o) be the first derivative of -299*o**4/4 + o**2/2 + 13. Let z be b(-1). Let g = z - 204. List the prime factors of g.
2, 47
Let y(b) = b + 9. Let o be y(3). Suppose 10*h = o*h. List the prime factors of 1155/(10/2) + h.
3, 7, 11
Let i be 272/(-24) - (-2)/6. Let u = i + 36. Suppose -u = -l - 0*l + q, -4*l - 3*q + 107 = 0. What are the prime factors of l?
2, 13
Suppose 0*a - 4*s - 5 = -a, 5*a - 1 = -4*s. List the prime factors of 2*a - (-1015 - (-40)/4).
19, 53
Let g(u) = -515*u - u**3 + 512*u - 3 + 0 - 4*u**2. Let d be g(-4). Suppose -240 = -d*w + 4*w. List the prime factors of w.
2, 3
Let j = -1840 - -3810. What are the prime factors of j?
2, 5, 197
Let y(h) = -2*h + 19. Let n be y(8). What are the prime factors of 16984/(-176)*n*(0 + -2)?
3, 193
Suppose -5*i - 11*c + 38137 = -9*c, -19*c + 22811 = 3*i. List the prime factors of i.
3, 2543
Let u(w) = 5*w**3 - 5*w**2 - 89*w - 41. What are the prime factors of u(17)?
2, 41, 263
Let v = 40 + -37. Suppose -j + 756 = -5*a + 185, -v*j - 3*a + 1623 = 0. Suppose 43*h = 40*h + j. List the prime factors of h.
2, 7, 13
Let h = 7 - 3. Suppose 5*k - 348 = 2*b + 1135, h*b = -k + 301. What are the prime factors of k?
3, 11
Let q(m) = m - 1. Let s(h) = h**2 + 2*h. Let c be s(-1). Let w(a) = a**2 + 11*a - 36. Let o(x) = c*q(x) + w(x). What are the prime factors of o(9)?
2, 17
Suppose 241*g - 252*g = -158158. What are the prime factors of g?
2, 7, 13, 79
Let g = -77000 - -125958. What are the prime factors of g?
2, 7, 13, 269
Suppose 0 = -11*q + 9 + 35. Suppose 6*j + 450 = 7*j + 4*m, -3*j - q*m = -1366. List the prime factors of j.
2, 229
Suppose 0 = 2*f + 6*f. Suppose -4*t = 3*r - 2*r - 23, f = r - 4*t + 17. Suppose 4*g - r*g = -2*b + 154, 749 = 5*g + 3*b. What are the prime factors of g?
2, 37
Let n(f) = 1 + 8*f**3 + 8*f**2 + 3*f + 9*f**3 + 2*f**3 - 20*f**3. Let m be n(5). Suppose 0 = 11*a + 3 - m. What are the prime factors of a?
2
Suppose 1020817 = 97*q + 318149. What are the prime factors of q?
2, 1811
Suppose -2313 - 1151 = -4*h. Let i = h - 602. What are the prime factors of i?
2, 3, 11
Let p = 1030 + -217. Suppose 4*q = p + 1367. What are the prime factors of q?
5, 109
Suppose 6*g - 269641 = -10*g + 75239. What are the prime factors of g?
3, 5, 479
Suppose -y - 11 = -12*y. List the prime factors of (815 - y)*(29 + -28).
2, 11, 37
Suppose 2*y = -5*y + 49. Let c(i) = 3*i - 21. Let q be c(y). Suppose -219 = -q*n - 3*n. What are the prime factors of n?
73
Suppose 142*a = 154*a - 102216. List the prime factors of a.
2, 4259
Suppose 4*m - 299 - 33 = 0. Let i = 5 - m. Let c = i + 193. List the prime factors of c.
5, 23
Suppose -1366126 = -139*l + 2259411. What are the prime factors of l?
26083
Let z(a) = 4*a**2 - 11*a. Let w be z(2). What are the prime factors of 653 - w/(-18)*-3?
2, 3, 109
Suppose -2*s - 3*q = -5*s - 3735, 3*q = 5*s + 6221. List the prime factors of 8/(-2) - (-30 + s).
3, 47
Suppose 15*n + 31*n - 152168 = 0. Let m = n + -1485. List the prime factors of m.
1823
Let i(c) = 1559*c - 7937. What are the prime factors of i(18)?
5, 7, 23
Let n = -488 + 10266. What are the prime factors of n?
2, 4889
Let q(w) = w**3 - 5*w**2 - 6*w + 3. Let d be q(6). Let i = 61 - 57. Suppose 0 = 3*n + i*s - 191, n - d*s 